-1138)/4)/((-5)/10). Let f = u + -261. What is the greatest common divisor of f and 28?
28
Suppose 0 = 18*c + 26*c - 1232. Calculate the greatest common divisor of c and 13.
1
Suppose -z + 4*t = 14, -2*z - 5*t + 7 = 2*z. Let l = z + 207. Suppose -5*u = 2*n - 482, n - 14 = 2*u - l. Calculate the greatest common divisor of u and 64.
32
Let q be (-16)/(-10) + -2 + 348/20. What is the greatest common factor of 272 and q?
17
Suppose 16 = -9*w + 160. What is the highest common divisor of w and 3280?
16
Let y be 92 - (-3)/6*-8. Let t = 95 - y. Let q(m) = 6*m**2 - 3*m - 2. Let b be q(-2). What is the highest common factor of b and t?
7
Let a be 1/(0 - (-2)/18). Let d = 2 + -1. Let j be (15/2)/d*48/10. Calculate the highest common factor of j and a.
9
Let p(k) = -3*k - 6. Let m be -10 + -4*(-6)/8. Let n be p(m). Let z be 6/n - 174/(-15). What is the greatest common factor of z and 8?
4
Let s be 6405/10 - -3*(-6)/36. What is the highest common divisor of s and 20?
20
Suppose -l = 4*k + 3*l - 168, 0 = k - l - 38. What is the highest common divisor of k and 1480?
40
Let m be (12/(-10))/(9/(-330)). Let n = -30 - -61. Suppose -39 + n = -2*u. Calculate the greatest common factor of u and m.
4
Let n be 18/(-135) + (-7942)/(-165). What is the greatest common divisor of 312 and n?
24
Let w(n) = -6*n**2 - 5*n - 7. Let c be w(-4). Let v = -61 - c. Suppose -22 = -0*l - 2*l. Calculate the greatest common divisor of l and v.
11
Let n = -41 - -51. Let m = n + 0. What is the greatest common divisor of m and 70?
10
Let u(w) = -w - 2. Let n be u(-3). Suppose 153 = -m - 2*m. Let b = m - -58. What is the highest common divisor of b and n?
1
Let w(j) = -8*j**2 - 12 - 15*j + 4*j - 6 - j**3 + 2. Let u be w(-7). What is the highest common divisor of u and 96?
12
Suppose 148 - 28 = 10*r. Suppose 3*o = -42 + 150. What is the greatest common divisor of o and r?
12
Let k be (4 + 2)*((-32)/6)/(-4). Let u = k - -1. Calculate the greatest common divisor of 1 and u.
1
Let g(u) = -2*u**2 - 22*u + 5. Suppose -44 = 4*t + 3*h, 0 = 3*h - 6*h. Let k be g(t). Calculate the greatest common factor of 5 and k.
5
Suppose -14*z + 624 = 38*z. What is the greatest common factor of z and 564?
12
Let f(k) = -18*k + 156. Let q be f(-17). What is the greatest common factor of 44 and q?
22
Let h = 14 - 12. Let i be (-114)/(-9) + (-4)/(-3). What is the greatest common divisor of i and h?
2
Let v(s) = -2*s - 28. Let c be v(-15). Suppose -5*i = 5*h - 295, c*i + i - 297 = -5*h. What is the highest common factor of 20 and h?
20
Let c(x) = -x + 7. Suppose 1 = 3*d - 11. Suppose -2*n = -d*j - 8, 0*n - 5*j = n + 24. Let o be c(n). What is the greatest common factor of o and 11?
11
Let z = 293 + -285. Calculate the highest common divisor of z and 184.
8
Let t(i) = 2*i**2 - 7*i + 2. Let j be t(4). Suppose -2*z + j*z - 420 = 0. Let f = 29 - 14. Calculate the highest common factor of f and z.
15
Let l be 2 + 0 - -56 - -2. Suppose -l = -d - 2*d. Suppose 4*r - d = -r, 2*r + 7 = 5*s. What is the highest common divisor of 24 and s?
3
Let d(r) = 4*r - 1. Let c be d(-6). Let g = c - -38. Let t = 16 - g. What is the greatest common divisor of t and 33?
3
Let z = -17 - -7. Let k be 0 + 4/8*z. Let b(g) = -29*g + 7. Let p be b(k). What is the highest common divisor of 19 and p?
19
Suppose 5*y = 4*c - 547, 3*y + 3*c + 79 = -233. Let x = y - -242. Calculate the highest common divisor of 15 and x.
15
Let i(o) = 6*o - 1. Let g be i(5). Let h(p) = -9*p - 34. Suppose 7*k - 5*k = -14. Let f be h(k). What is the highest common divisor of f and g?
29
Suppose 0 = -3*a - 5*i + 35, 6 = a - 4*i - 0. Calculate the greatest common factor of 190 and a.
10
Suppose -2*k + 20 = -k. Suppose -5*m - 10 = -b + 2, 3*m - b + 8 = 0. Let g be k*(3 + (m - 0)). What is the greatest common divisor of g and 30?
10
Suppose -q - j + 3 - 2 = 0, j = 4*q - 19. Suppose -44 = -2*t + v + 5, -2*t = -q*v - 52. Calculate the greatest common factor of t and 96.
24
Let c be 4 + 80*(16 + -8). What is the greatest common divisor of c and 28?
28
Let m = 276 + 335. Calculate the greatest common divisor of m and 47.
47
Let d(i) = 3*i - 12. Let f = -16 + 21. Let a be d(f). What is the greatest common divisor of 24 and a?
3
Let c be (30/35)/((5 - 2)/126). Suppose 0 = -3*m, 0 = -3*a + 2*m + 3*m + 54. Calculate the highest common factor of a and c.
18
Let c be 4/(-8) - 20/(-8). Suppose 2*d - 6 + c = 0. Let v = d + 0. What is the highest common factor of 8 and v?
2
Suppose -15*s = -1884 - 936. What is the highest common factor of s and 1222?
94
Suppose 20*n - 375 = -75. What is the highest common divisor of n and 40?
5
Suppose 5*m - 49 = 11. Suppose 0*b + 15 = -5*b. Let z be (b + 33)*24/15. Calculate the highest common divisor of z and m.
12
Suppose 0*q + 2*j = 4*q - 174, 0 = 3*q + j - 123. Let r = q + -30. What is the greatest common factor of r and 192?
12
Let o = -353 + 359. Calculate the greatest common factor of 30 and o.
6
Let p be 1023/4 - 1/(-4). Let s be (64/(-40))/((-4)/10). Suppose -z - 22 = -l + 11, s*z = -4. Calculate the highest common factor of l and p.
32
Let h(b) = b**2 + 13*b - 293. Let p be h(12). Calculate the highest common divisor of 21 and p.
7
Let s(m) = 9*m + 3. Let f be s(3). Suppose -3*p = 2*p - f. Let w be p - -87 - 3*-1. What is the greatest common factor of w and 16?
16
Let a = 151 - 99. Let i be (-39)/(-12)*(4 + 0). Calculate the greatest common factor of a and i.
13
Let a = 13 - 6. Suppose -a*t + 3 = -11. What is the greatest common factor of 8 and t?
2
Let l(u) = 4*u - 20. Suppose -18 = 3*v - 5*v. Let y be l(v). What is the highest common divisor of 32 and y?
16
Let c(m) = -m**3 - 7*m**2 + 89*m + 9. Let r be c(-14). What is the greatest common factor of 18 and r?
9
Suppose 4*j - 11 = k, -5*j = -5*k + 21 - 1. Let a be ((-12)/k)/((-4)/54). Let u = 229 - 211. What is the highest common divisor of a and u?
18
Suppose 38*m = 33*m + 215. Calculate the highest common divisor of 1 and m.
1
Let s(b) = b**3 + 2*b - 1. Let k be s(1). Suppose -k*d + 21 = -4*a - 3, -4 = -5*d - 4*a. Calculate the greatest common factor of d and 20.
4
Suppose -18*r + 7280 = 2*r. What is the highest common divisor of 156 and r?
52
Let h = -20 - -24. Suppose -h*w + 60 = 12. What is the greatest common factor of 12 and w?
12
Suppose z + z - 12 = 0. Suppose -4*g - 3*h = z, 0 = 3*h + h + 8. Suppose 2 = r - g*r. Calculate the highest common factor of 4 and r.
2
Suppose -2*j + 50 + 160 = 2*k, -2*k = -3*j + 340. Calculate the greatest common divisor of j and 715.
55
Let a = -110 + 160. What is the greatest common factor of a and 350?
50
Let s be 15/(-5) + 11 - -1. Suppose -s*d - 4*d + 143 = 0. What is the highest common factor of d and 66?
11
Let v = 11 - 15. Let z be (8/(-3))/(v + (-142)/(-36)). Calculate the highest common divisor of 6 and z.
6
Let w(f) be the first derivative of 0*f**3 + 0*f**2 - f + 2 - 5/4*f**4. Let j be w(-1). Calculate the highest common factor of 28 and j.
4
Suppose 0 = 2*p - p - 4. Suppose u + 3*u - 3*h = 49, p = 4*h. Calculate the highest common divisor of 91 and u.
13
Let d be ((-3)/6)/(22/(-220)). Let g be (40/2)/((-4)/(-10)). What is the highest common factor of d and g?
5
Let y(s) = -s**3 + 23*s**2 + 28*s - 8. Let c be y(24). What is the greatest common divisor of c and 16?
8
Suppose 5*k = -4*z - 47 + 152, 4*z = 3*k + 129. Let d be 2/(-3*2/(-135)). Calculate the greatest common factor of d and z.
15
Suppose 0 = -d - 3*w + 14, 8*d - 4*d - 88 = -4*w. What is the greatest common divisor of 78 and d?
26
Let p(o) = -28*o - 75. Let t be p(-9). What is the greatest common factor of 472 and t?
59
Let u = -285 - -315. Calculate the greatest common factor of 960 and u.
30
Suppose 0 = -4*f + 5*b + 79, -3*b - 2*b = f - 1. Let m be f + 1 - 0/3. Suppose -2*r = -25 - m. What is the highest common factor of r and 84?
21
Let t be (-6 - 0) + 1160/40. Calculate the highest common divisor of t and 92.
23
Let b(n) = 32*n + 72. Let v be b(0). Calculate the greatest common factor of 792 and v.
72
Let r = 291 + -285. Let l = -2 + 11. Calculate the highest common factor of l and r.
3
Let c = -1 - 2. Let z = c - -6. Suppose 4*d = 4*q - 108, 2*q + z*d - 10 - 19 = 0. What is the greatest common factor of 154 and q?
22
Let l be 55 + (0 - (-10 - (1 - 6))). What is the greatest c